e 38128751?
False
Does 410 divide 2249336993?
False
Is 165233945 a multiple of 2619?
False
Is 8169784 a multiple of 4?
True
Is 56323571 a multiple of 76?
False
Is 161 a factor of 76723101?
True
Is 732 a factor of 2280512328?
True
Is 54 a factor of 274716144?
True
Does 9 divide 155084796?
True
Is 7 a factor of 342056743?
True
Is 114555210 a multiple of 1488?
False
Is 625559830 a multiple of 88?
False
Does 1856 divide 398432748?
False
Does 58 divide 33528988?
True
Is 64 a factor of 4267713950?
False
Is 1381 a factor of 69094560?
False
Is 3607570 a multiple of 284?
False
Is 69 a factor of 57859122?
True
Is 164642964 a multiple of 12?
True
Is 1712835 a multiple of 2?
False
Is 45733297 a multiple of 18?
False
Is 71746765 a multiple of 1027?
False
Is 421351751 a multiple of 1544?
False
Is 2251347868 a multiple of 4942?
True
Is 82 a factor of 3537143891?
False
Is 14 a factor of 54097666?
True
Is 339 a factor of 137426871?
True
Does 891 divide 1046034?
True
Is 43276369 a multiple of 49?
False
Does 20 divide 73316200?
True
Is 47 a factor of 7321378?
True
Does 255 divide 199282108?
False
Is 23122792 a multiple of 308?
True
Is 134 a factor of 19992889?
False
Does 4 divide 57830108?
True
Is 5427 a factor of 366262803?
True
Is 170 a factor of 17491836?
False
Does 894 divide 43294037?
False
Is 10 a factor of 322625300?
True
Is 4309 a factor of 419550094?
True
Is 2090230110 a multiple of 27?
True
Is 15 a factor of 251349420?
True
Is 78 a factor of 38966070?
True
Is 143250720 a multiple of 160?
True
Does 896 divide 1671683190?
False
Is 525787912 a multiple of 19?
True
Is 16 a factor of 37420496?
True
Is 221585077 a multiple of 4618?
False
Is 2593 a factor of 966545936?
True
Is 7118904 a multiple of 433?
False
Does 1188 divide 411498511?
False
Is 25 a factor of 42152075?
True
Does 642 divide 774844514?
False
Is 21889889 a multiple of 988?
False
Does 11 divide 2919215666?
False
Is 7336965 a multiple of 5?
True
Does 237 divide 325691562?
True
Does 1314 divide 1961081928?
True
Is 5577080 a multiple of 41?
False
Does 3 divide 22013499?
True
Is 2233 a factor of 75202245?
False
Does 458 divide 1437052?
False
Is 61802907 a multiple of 43?
False
Is 222 a factor of 70274661?
False
Is 6 a factor of 71308086?
True
Does 1206 divide 56364144?
False
Is 13 a factor of 45548828?
True
Is 26 a factor of 28070510?
True
Does 197 divide 46168824?
False
Does 5878 divide 761667289?
False
Is 62531194 a multiple of 201?
False
Is 188 a factor of 1915532?
True
Is 6 a factor of 49966272?
True
Is 816945417 a multiple of 9?
True
Does 7100 divide 3420026724?
False
Is 89 a factor of 32272468?
True
Does 3 divide 19975748?
False
Is 1169 a factor of 15365336?
True
Does 30 divide 463428990?
True
Is 103 a factor of 15131833?
True
Is 35 a factor of 12393961?
False
Does 1407 divide 41350323?
True
Is 21534557 a multiple of 212?
False
Is 25270176 a multiple of 1570?
False
Is 56 a factor of 2909191?
False
Does 79 divide 11026661?
False
Does 2992 divide 65608576?
True
Is 2257 a factor of 685981866?
False
Is 79658037 a multiple of 66?
False
Is 7871 a factor of 1590637490?
False
Is 1332308718 a multiple of 10?
False
Is 220374360 a multiple of 20?
True
Does 28 divide 85503768?
True
Is 81410014 a multiple of 635?
False
Is 104960863 a multiple of 688?
False
Is 97 a factor of 47296472?
False
Does 581 divide 209102481?
True
Is 28664442 a multiple of 162?
True
Is 23314028 a multiple of 76?
False
Is 175 a factor of 219958725?
True
Does 3 divide 1848330?
True
Is 1136311918 a multiple of 14?
True
Does 9382 divide 928020530?
True
Does 3 divide 23297613?
True
Is 330 a factor of 323281455?
False
Is 1142376475 a multiple of 25?
True
Does 529 divide 144142978?
True
Is 18 a factor of 11373566?
False
Is 352916328 a multiple of 215?
False
Does 4 divide 13573039?
False
Does 15 divide 108891255?
True
Is 18364447 a multiple of 53?
True
Is 1164313260 a multiple of 38?
False
Is 647573278 a multiple of 2167?
True
Is 19563936 a multiple of 42?
True
Is 4636800 a multiple of 384?
True
Is 627797308 a multiple of 1260?
False
Is 1433916058 a multiple of 10167?
False
Does 15 divide 7701358?
False
Is 12581 a factor of 184685134?
False
Is 916724 a multiple of 5?
False
Does 289 divide 353256270?
False
Is 33 a factor of 888351?
False
Is 168 a factor of 746625111?
False
Is 8 a factor of 10226816?
True
Is 64 a factor of 11958551?
False
Is 71 a factor of 338573017?
False
Is 1841205597 a multiple of 77?
True
Does 46 divide 54601908?
True
Is 770984824 a multiple of 1132?
True
Does 101 divide 10972943?
True
Is 642939434 a multiple of 301?
False
Is 676057087 a multiple of 12?
False
Is 1075887107 a multiple of 5677?
False
Does 34 divide 3391636?
True
Is 158 a factor of 268861806?
True
Does 2883 divide 191631917?
False
Is 15800149 a multiple of 1324?
False
Is 118 a factor of 47408960?
False
Does 3481 divide 1984170?
True
Does 88 divide 198088257?
False
Is 3343 a factor of 44960699?
False
Does 67 divide 123034177?
True
Does 1116 divide 166734864?
True
Does 13 divide 2674958?
True
Is 40 a factor of 2362035720?
True
Is 191 a factor of 41239383?
True
Is 296933225 a multiple of 75?
False
Does 613 divide 4033725172?
False
Does 183 divide 3332650149?
True
Is 2999707420 a multiple of 109?
False
Does 44 divide 514767880?
True
Is 180 a factor of 6314875?
False
Does 730 divide 42325062?
False
Is 21800408 a multiple of 425?
False
Does 111 divide 16036725?
True
Is 317 a factor of 3862971?
False
Is 188 a factor of 372056101?
False
Is 23 a factor of 8608210?
True
Is 3573186120 a multiple of 36?
True
Does 55 divide 702195890?
True
Is 573 a factor of 310761966?
True
Is 381 a factor of 18026634?
True
Does 22 divide 3307034557?
False
Does 22 divide 5669983?
False
Is 75 a factor of 33912973?
False
Is 3 a factor of 11437247?
False
Is 9979640 a multiple of 613?
True
Does 7 divide 968728?
False
Is 263187912 a multiple of 13?
True
Is 26 a factor of 610848420?
True
Is 178 a factor of 274194084?
False
Is 1885408973 a multiple of 766?
False
Is 754893160 a multiple of 680?
True
Does 6 divide 15288330?
True
Is 11661224 a multiple of 42?
False
Does 7 divide 490816046?
True
Is 3 a factor of 951377757?
True
Does 11 divide 13944909?
True
Does 12 divide 157535642?
False
Does 18 divide 3938601834?
True
Is 243522825 a multiple of 1085?
True
Is 2370 a factor of 1316189304?
False
Is 72054700 a multiple of 25?
True
Does 341 divide 406997481?
True
Is 920 a factor of 33377599?
False
Is 49534288 a multiple of 489?
False
Is 511 a factor of 16694881?
True
Is 35 a factor of 52684265?
False
Does 551 divide 868296656?
True
Is 23959017 a multiple of 18?
False
Is 5 a factor of 37009379?
False
Does 60 divide 353736180?
True
Is 23385348 a multiple of 6?
True
Is 48683935 a multiple of 619?
False
Is 261 a factor of 805986792?
True
Is 97 a factor of 546001360?
True
Does 21 divide 58846515?
True
Is 100246074 a multiple of 59?
True
Is 51260664 a multiple of 14?
True
Is 65 a factor of 3034525?
True
Does 37 divide 128716007?
True
Is 36020847 a multiple of 141?
True
Is 73 a factor of 259010059?
True
Is 1420060 a multiple of 37?
True
Does 4345 divide 81192930?
False
Is 22 a factor of 345586912?
True
Is 7 a factor of 1073343138?
True
Is 30334102 a multiple of 590?
False
Does 4681 divide 183226584?
False
Is 970751980 a multiple of 148?
True
Is 80 a factor of 697774240?
True
Does 26 divide 211964519?
False
Is 74 a factor of 902730549?
False
Is 15 a factor of 129152789?
False
Is 28533340 a multiple of 506?
True
Is 3917640740 a multiple of 65?
True
Is 2190 a factor of 1954156710?
True
Is 264 a factor of 404408086?
False
Does 321 divide 118902894?
True
Is 236601000 a multiple of 1524?
True
Is 46438879 a multiple of 10?
False
Does 46 divide 3949415?
False
Does 10 divide 146847450?
True
Is 176 a factor of 292516928?
True
Does 373 divide 5267006538?
False
Is 252246043 a multiple of 15?
False
Is 8091 a factor of 130523705?
False
Is 3861 a factor of 560462760?
True
Is 878 a factor of 4830756?
True
Is 33387120 a multiple of 130?
True
Is 10342297 a multiple of 7?
True
Is 135 a factor of 30627450?
True
Is 979 a factor of 371677350?
True
Is 11 a factor of 20736348?
False
Is 6 a factor of 64235470?
False
Is 872 a factor of 2490297712?
True
Does 2590 divide 1867674900?
True
Is 1255 a factor of 92196065?
True
Is 50 a 